e remainder when 551 is divided by 80?
71
Calculate the remainder when 566 is divided by 189.
188
What is the remainder when 739 is divided by 8?
3
What is the remainder when 126 is divided by 91?
35
Calculate the remainder when 1386 is divided by 197.
7
Calculate the remainder when 1527 is divided by 374.
31
What is the remainder when 261 is divided by 21?
9
What is the remainder when 2682 is divided by 34?
30
Calculate the remainder when 385 is divided by 248.
137
What is the remainder when 776 is divided by 157?
148
What is the remainder when 513 is divided by 43?
40
What is the remainder when 5079 is divided by 45?
39
Calculate the remainder when 1595 is divided by 21.
20
Calculate the remainder when 5387 is divided by 35.
32
Calculate the remainder when 337 is divided by 118.
101
Calculate the remainder when 1585 is divided by 73.
52
Calculate the remainder when 257 is divided by 142.
115
What is the remainder when 3041 is divided by 605?
16
What is the remainder when 4093 is divided by 91?
89
Calculate the remainder when 239 is divided by 105.
29
What is the remainder when 151 is divided by 31?
27
Calculate the remainder when 42 is divided by 15.
12
Calculate the remainder when 1764 is divided by 441.
0
Calculate the remainder when 2014 is divided by 48.
46
What is the remainder when 12585 is divided by 203?
202
What is the remainder when 1317 is divided by 327?
9
What is the remainder when 103 is divided by 73?
30
Calculate the remainder when 433 is divided by 22.
15
Calculate the remainder when 526 is divided by 31.
30
Calculate the remainder when 275 is divided by 42.
23
Calculate the remainder when 3329 is divided by 33.
29
What is the remainder when 191 is divided by 28?
23
What is the remainder when 201 is divided by 17?
14
Calculate the remainder when 695 is divided by 186.
137
What is the remainder when 981 is divided by 66?
57
Calculate the remainder when 422 is divided by 15.
2
Calculate the remainder when 447 is divided by 49.
6
Calculate the remainder when 107 is divided by 28.
23
What is the remainder when 11 is divided by 2?
1
Calculate the remainder when 268 is divided by 9.
7
Calculate the remainder when 28076 is divided by 10.
6
Calculate the remainder when 179 is divided by 7.
4
What is the remainder when 307 is divided by 260?
47
What is the remainder when 741 is divided by 8?
5
Calculate the remainder when 3353 is divided by 38.
9
Calculate the remainder when 732 is divided by 7.
4
Calculate the remainder when 289 is divided by 10.
9
What is the remainder when 14271 is divided by 234?
231
What is the remainder when 1782 is divided by 15?
12
Calculate the remainder when 33 is divided by 14.
5
Calculate the remainder when 171 is divided by 35.
31
Calculate the remainder when 104 is divided by 12.
8
What is the remainder when 2613 is divided by 25?
13
What is the remainder when 12635 is divided by 13?
12
What is the remainder when 9147 is divided by 208?
203
Calculate the remainder when 15 is divided by 12.
3
Calculate the remainder when 279 is divided by 7.
6
What is the remainder when 581 is divided by 177?
50
Calculate the remainder when 525 is divided by 27.
12
Calculate the remainder when 406 is divided by 18.
10
Calculate the remainder when 1672 is divided by 39.
34
Calculate the remainder when 924 is divided by 31.
25
What is the remainder when 86 is divided by 3?
2
Calculate the remainder when 1138 is divided by 232.
210
What is the remainder when 3247 is divided by 50?
47
Calculate the remainder when 443 is divided by 91.
79
Calculate the remainder when 1597 is divided by 20.
17
Calculate the remainder when 28 is divided by 17.
11
What is the remainder when 1458 is divided by 178?
34
What is the remainder when 336 is divided by 160?
16
What is the remainder when 967 is divided by 255?
202
Calculate the remainder when 242 is divided by 35.
32
What is the remainder when 980 is divided by 9?
8
What is the remainder when 1039 is divided by 10?
9
What is the remainder when 3423 is divided by 137?
135
What is the remainder when 3858 is divided by 3848?
10
Calculate the remainder when 314 is divided by 125.
64
What is the remainder when 3209 is divided by 17?
13
What is the remainder when 1848 is divided by 922?
4
Calculate the remainder when 44 is divided by 16.
12
What is the remainder when 1962 is divided by 192?
42
What is the remainder when 582 is divided by 39?
36
Calculate the remainder when 457 is divided by 5.
2
What is the remainder when 232 is divided by 71?
19
What is the remainder when 2649 is divided by 165?
9
What is the remainder when 1441 is divided by 47?
31
What is the remainder when 2467 is divided by 24?
19
Calculate the remainder when 23 is divided by 14.
9
What is the remainder when 300 is divided by 67?
32
What is the remainder when 1252 is divided by 84?
76
Calculate the remainder when 1972 is divided by 197.
2
Calculate the remainder when 3274 is divided by 84.
82
What is the remainder when 412 is divided by 26?
22
What is the remainder when 82 is divided by 33?
16
Calculate the remainder when 2835 is divided by 358.
329
What is the remainder when 101 is divided by 37?
27
What is the remainder when 632 is divided by 379?
253
Calculate the remainder when 215 is divided by 3.
2
What is the remainder when 160 is divided by 83?
77
What is the remainder when 54 is divided by 27?
0
What is the remainder when 12 is divided by 3?
0
Calculate the remainder when 1012 is divided by 146.
136
What is the remainder when 11 is divided by 2?
1
Calculate the remainder when 2086 is divided by 553.
427
What is the remainder when 208 is divided by 96?
16
What is the remainder when 723 is divided by 145?
143
What is the remainder when 1278 is divided by 5?
3
What is the remainder when 167 is divided by 17?
14
Calculate the remainder when 210 is divided by 102.
6
What is the remainder when 3773 is divided by 51?
50
What is the remainder when 11021 is divided by 16?
13
Calculate the remainder when 1150 is divided by 112.
30
Calculate the remainder when 10656 is divided by 52.
48
What is the remainder when 16 is divided by 14?
2
What is the remainder when 961 is divided by 69?
64
Calculate the remainder when 662 is divided by 49.
25
Calculate the remainder when 110 is divided by 58.
52
Calculate the remainder when 1506 is divided by 189.
183
What is the remainder when 148 is divided by 71?
6
Calculate the remainder when 113 is divided by 32.
17
Calculate the remainder when 317 is divided by 19.
13
What is the remainder when 4366 is divided by 125?
116
Calculate the remainder when 155 is divided by 34.
19
What is the remainder when 448 is divided by 113?
109
What is the remainder when 1727 is divided by 22?
11
Calculate the remainder when 247 is divided by 51.
43
Calculate the remainder when 85 is divided by 30.
25
What is the remainder when 1001 is divided by 76?
13
Calculate the remainder when 548 is divided by 19.
16
Calculate the remainder when 132 is divided by 34.
30
Calculate the remainder when 2101 is divided by 56.
29
Calculate the remainder when 495 is divided by 133.
96
What is the remainder when 495 is divided by 83?
80
Calculate the remainder when 209 is divided by 37.
24
Calculate the remainder when 1101 is divided by 25.
1
What is the remainder when 342 is divided by 38?
0
Calculate the remainder when 9644 is divided by 11.
8
What is the remainder when 7208 is divided by 172?
156
What is the remainder when 585 is divided by 33?
24
What is the remainder when 64 is divided by 32?
0
What is the remainder when 8566 is divided by 136?
134
Calculate the remainder when 105 is divided by 14.
7
Calculate the remainder when 115 is divided by 31.
22
What is the remainder when 2451 is divided by 195?
111
Calculate the remainder when 97 is divided by 4.
1
What is the remainder when 239 is divided by 58?
7
Calculate the remainder when 160 is divided by 160.
0
Calculate the remainder when 45 is divided by 8.
5
Calculate the remainder when 7838 is divided by 80.
78
What is the remainder when 36 is divided by 8?
4
What is the remainder when 185 is divided by 21?
17
Calculate the remainder when 645 is divided by 6.
3
Calculate the remainder when 5767 is divided by 24.
7
What is the remainder when 4275 is divided by 